highest common factor of k and c.
16
Suppose -5*i = 3*k - 1018, -45*i + 1690 = 5*k - 40*i. What is the greatest common factor of 448 and k?
112
Let d be (376/8)/((-20)/(-240)). What is the highest common divisor of 2679 and d?
141
Suppose -6*t - 4 = -7*t. Suppose t*l = 210 + 182. Let s be (-6)/(-9) - 80/(-6). Calculate the highest common factor of l and s.
14
Let j be -1 - (-22)/16 - (-6033586)/1744. Calculate the greatest common factor of j and 260.
20
Let c be 8/6*6/(-4). Let s(b) = -b**3 + 6*b**2 + 13*b - 13. Let d be s(8). Let z be 1/c - 10/4 - d. What is the greatest common factor of z and 136?
34
Suppose i = 4*y + 5419, i - 1234 = 2*y + 4195. What is the highest common factor of 148 and i?
37
Let q = 34188 - 18263. What is the greatest common factor of q and 91?
91
Suppose 27*w - 533 = -55*w + 779. Suppose -88 = -2*g + 40. What is the highest common factor of g and w?
16
Let o(k) = 9*k**3 + 6 - 2 - 2*k - 8 - k**2. Let z be o(3). Suppose 6*v = -5*r + 2*v + 70, 70 = 5*r - 3*v. Calculate the highest common factor of r and z.
14
Suppose -h - a = 1, -4*a - 15 - 1 = -2*h. Suppose 57 = y - 0*y - 4*g, 4 = -h*g. What is the greatest common divisor of y and 1568?
49
Let j = 113 + -107. Let x be (92/j - 2)*6/4. Calculate the greatest common factor of 250 and x.
10
Let c be (-30 + 28)*(-3673 - -1). Suppose 37*t - c = 20*t. What is the highest common divisor of 27 and t?
27
Let t = -26 + 48. Let r(i) = 31*i**2 - 182*i - 47. Let g be r(7). Calculate the greatest common divisor of g and t.
22
Let t be (-6)/24 - (-73)/4. Let g be ((-108)/7)/((-2)/7). What is the greatest common divisor of t and g?
18
Suppose -628*n + 336 = -622*n. Let v = -45 - -61. What is the highest common divisor of n and v?
8
Let d be 2/15 - (-109448)/840 - 21/49. Calculate the highest common divisor of 25 and d.
5
Suppose -4*o + 8 = 0, -4*z - 20*o + 530 = -19*o. Suppose -5*v - 2*i = -330, 0 = v + v - 3*i - z. What is the greatest common factor of v and 18?
6
Let m = 4992 - 2394. Suppose m = 10*r - 5002. Calculate the highest common factor of 19 and r.
19
Suppose 17*g - 2570 - 949 = 0. Suppose 7*i = 6*i + 18. What is the greatest common divisor of g and i?
9
Let t = -61 - -87. Suppose -2*w + 224 = 2*i, 0 = 316*i - 319*i + w + 356. Calculate the greatest common divisor of t and i.
13
Let z(b) = -b**3 - 10*b**2 - 8*b - 14. Let l be z(-10). Let d = -1023 - -1029. Calculate the highest common divisor of d and l.
6
Suppose 0 = 13*d - 12 - 14. Suppose -5*x + 4 = d*o - 3*x, 2*x = -3*o + 5. Suppose 0 = -51*b + 50*b + o. Calculate the greatest common divisor of 4 and b.
1
Let o = -13220 + 17408. What is the highest common divisor of o and 60?
12
Let u be (11*-1)/((-2)/(-12)). Let o(q) = -8*q + 411. Let c be o(39). Let n = c + u. Calculate the highest common divisor of n and 363.
33
Let p = 3222 + -756. Calculate the highest common divisor of p and 36.
18
Suppose -3*t + 5*g = 3*g - 387, -5*g = -30. What is the greatest common divisor of 247 and t?
19
Suppose 23*l + 37532 = 34*l. Suppose 14*q - l = -220. Calculate the greatest common divisor of 57 and q.
57
Let a = 193 - 193. Suppose a = 3*o + 2 - 92. Calculate the greatest common factor of 8 and o.
2
Let l be (164/(-1))/2 + 1 + 0. Let h = -65 - l. Calculate the greatest common factor of 1 and h.
1
Suppose 332 = 4*w + 208*c - 209*c, 5*c = -4*w + 356. Suppose -1 = v - 5. Let p be 1854/33 + v/(-22). Calculate the highest common divisor of w and p.
28
Suppose -2*h + 1832 = -4*v, -463 = -2*h + 5*v + 1368. Suppose 25*o - h = 7*o. What is the highest common factor of o and 816?
51
Let i(v) = 120*v + 965. Let b be i(4). Calculate the greatest common divisor of 2720 and b.
85
Let w be (-16)/(-4) - (-2 + 4). Let t(u) = 5*u**2 - 2*u - 7 + u**3 - w*u**3 + 3*u. Let l be t(3). Calculate the greatest common divisor of l and 112.
14
Let s be 10 + (-2)/4*-4. Let u = -114 + 113. Let r be u + 22/(-55)*50/(-4). Calculate the highest common divisor of s and r.
4
Let o(h) = -h**2 + 117*h + 3506. Let c be o(-21). What is the greatest common factor of 11096 and c?
152
Suppose 0 = 9*m - 26 - 28. Suppose 4*a - 570 = -m*a. Suppose a*v - 150 = 52*v. Calculate the greatest common divisor of 30 and v.
30
Suppose f = 3, 2*q - 10*f = -13*f + 239. What is the highest common factor of 70 and q?
5
Let p be ((-120)/(-220))/((-21)/(-2002)). Suppose 2*h + j - 470 = -5, 0 = 3*h - j - 705. What is the highest common factor of p and h?
26
Let x be -11 - (169/(-13) - 20). What is the highest common divisor of 1441 and x?
11
Let q = 11 - 0. Let x be q/(-4)*-4*16. Let u(o) = -210*o + 856. Let a be u(4). Calculate the greatest common divisor of a and x.
16
Let a = -125 - -127. Suppose -w - 6*u + 4*u = -73, -3*u - 111 = -a*w. Calculate the highest common divisor of 27 and w.
9
Let r = 407 - -409. Let q = 36398 - 36347. Calculate the highest common divisor of q and r.
51
Let v(z) = -z**2 - 18*z - 35. Let r be v(-13). Suppose 0 = 4*n - n - r. Let w be -1 + 1 + (16 - n). What is the highest common divisor of w and 24?
6
Let c = -422 + 477. Calculate the highest common divisor of 407 and c.
11
Suppose 6*r + 741 = 4071. Suppose -6*b = 135 - r. Calculate the highest common divisor of b and 42.
14
Suppose 10*t - 2*f = 11*t + 7, -8 = t + f. Let i be (168/16)/(t/(-12)). Calculate the greatest common divisor of 266 and i.
14
Let i(n) = n**3 + 13*n**2 + 43*n + 30. Let j be i(-5). What is the greatest common factor of 72 and j?
3
Let n(g) = g**3 + 3*g**2 - 9*g - 13. Let p be n(9). Let x = p + -402. Calculate the greatest common factor of x and 68.
68
Let l(f) = -f**3 - 4*f**2 - 4*f - 47. Let u be l(-8). Suppose 20*r = u + 179. Calculate the highest common factor of r and 651.
21
Let f(j) = 5*j**2 + 6*j + 7. Let h be f(-3). Let v be h - 31 - 0/(-2). Suppose 3*b + 135 = 8*b. Calculate the highest common divisor of b and v.
3
Let r(s) be the first derivative of 6*s**2 - 156*s - 187. Let i be r(19). Suppose 0 = -4*h + 41 - 5. What is the greatest common divisor of i and h?
9
Suppose -31*h - 20 = 11. Let d be (-4 + 3)*(h - 70). What is the highest common divisor of 1 and d?
1
Suppose 407 = 4*j + 5*a, -48*a = -2*j + 7*a - 199. What is the highest common divisor of 11749 and j?
31
Suppose -t = 51 - 81. Let g be t/4*(-8)/(-3). Calculate the greatest common factor of g and 70.
10
Suppose 8*n - 257 = 202 - 3. What is the highest common factor of 10963 and n?
19
Suppose -4*q = -y - 14375, q - 2*y = -4*y + 3596. Suppose 4*c - 4*s - 4451 = -1547, -5*c + q = 4*s. What is the highest common factor of c and 38?
38
Suppose 12*z + 60 = 13*z. Suppose 4*d - z = -n, d + 4*n - 30 = -0. Let u be 20 + 3/(6 + -3). What is the greatest common factor of u and d?
7
Let q be 66/13 + 1/(-13) + 83. What is the highest common divisor of 3256 and q?
88
Let b = -5357 + 5529. What is the greatest common factor of b and 602?
86
Let y be (2 + (2 - 3))*(-24)/(-3). Let w = 379 - 178. Suppose 407 = 19*d - w. What is the greatest common factor of d and y?
8
Suppose -98*x + 97*x + 164 = 0. Suppose t - 7*q - 43 = -6*q, 4*q - x = -3*t. What is the highest common factor of 6 and t?
6
Suppose j + 2*h = -0*h - 21, 5*j + 117 = 2*h. Let k = -3 + j. Let a be 15/(1 + 4) - k. What is the greatest common factor of a and 29?
29
Suppose -1583 - 521 = -4*k. Let p = k - 421. What is the highest common factor of p and 147?
21
Let l be -812 - (48/6 + 12/(-3)). Let j = l + 828. Calculate the greatest common factor of 300 and j.
12
Suppose 12*n - 1294 = -562. Let c(w) = 138*w - 3. Let k be c(4). What is the highest common factor of k and n?
61
Let k(c) = -c**3 - 13*c**2 - 22*c - 15. Let t be k(-11). Let r be 1/2 + t/(-6). Suppose -r*f + 49 = -23. Calculate the greatest common divisor of 48 and f.
24
Let w be 18412/16 - 5/(-4). Let d(i) = -i**2 - 29*i - 102. Let f be d(-24). Calculate the greatest common factor of f and w.
18
Suppose -8*u - 1491 = -79*u. Calculate the greatest common factor of 133 and u.
7
Let i = 14921 - 11687. Calculate the greatest common divisor of i and 198.
66
Let s(u) = u**2 - 2*u - 3. Let l be s(3). Let b = 91 + -87. Suppose -q - b*q + 35 = l. What is the greatest common factor of q and 35?
7
Let f(o) = -9*o. Let a be f(-7). Let l(i) = 2*i**3 - 6*i**2 + 10*i - 3. Let r be l(5). Calculate the greatest common factor of r and a.
21
